{"id":4675,"date":"2020-05-20T16:23:17","date_gmt":"2020-05-20T15:23:17","guid":{"rendered":"https:\/\/www.sinalarte.pt\/v1\/?post_type=product&#038;p=4675"},"modified":"2024-09-20T09:57:03","modified_gmt":"2024-09-20T08:57:03","slug":"fall-v1-v2-pilarete-galvanizado-e-lacado","status":"publish","type":"product","link":"https:\/\/www.sinalarte.pt\/v1\/produtos\/fall-v1-v2-pilarete-galvanizado-e-lacado\/","title":{"rendered":"Pilarete FALL V1\/V2"},"content":{"rendered":"","protected":false},"excerpt":{"rendered":"<p>Pilarete galvanizado e lacado com cabe\u00e7a em alum\u00ednio<br \/>\nSistema de fixa\u00e7\u00e3o ao solo permitindo que a parte superior seja rebat\u00edvel de chave triangular<br \/>\nFixa\u00e7\u00e3o por chumbamento do copo e com chave<br \/>\nPintura com tinta de p\u00f3 ep\u00f3xi\/poli\u00e9ster \u2013 RAL 7016 texturado<br \/>\nOutras cores dispon\u00edveis sob consulta e quantidades m\u00ednimas.<\/p>\n<p>Dim.:<br \/>\nFALL V1: (di\u00e2m.) \u00d876mm x (Alt.) 1000mm<br \/>\nFALL V2: (di\u00e2m.) \u00d890mm x (Alt.) 1000mm<\/p>\n","protected":false},"featured_media":7666,"template":"","meta":[],"product_brand":[],"product_cat":[146],"product_tag":[397],"class_list":{"0":"post-4675","1":"product","2":"type-product","3":"status-publish","4":"has-post-thumbnail","6":"product_cat-pilaretes","7":"product_tag-pilarete","9":"first","10":"instock","11":"shipping-taxable","12":"purchasable","13":"product-type-variable"},"yoast_head":"<!-- This site is optimized with the Yoast SEO plugin v27.4 - https:\/\/yoast.com\/product\/yoast-seo-wordpress\/ -->\n<title>Pilarete FALL V1\/V2 - Sinalarte<\/title>\n<meta name=\"description\" content=\"Pilarete Rebat\u00edvel metalizado e lacado com cabe\u00e7a em alum\u00ednio. Pintura a RAL 7016 texturado. Fixa\u00e7\u00e3o por chumbamento do copo e com chave.\" \/>\n<meta name=\"robots\" content=\"index, follow, max-snippet:-1, max-image-preview:large, max-video-preview:-1\" \/>\n<link rel=\"canonical\" href=\"https:\/\/www.sinalarte.pt\/v1\/produtos\/fall-v1-v2-pilarete-galvanizado-e-lacado\/\" \/>\n<meta property=\"og:locale\" content=\"pt_PT\" \/>\n<meta property=\"og:type\" content=\"article\" \/>\n<meta property=\"og:title\" content=\"Pilarete FALL V1\/V2 - Sinalarte\" \/>\n<meta property=\"og:description\" content=\"Pilarete Rebat\u00edvel metalizado e lacado com cabe\u00e7a em alum\u00ednio. Pintura a RAL 7016 texturado. Fixa\u00e7\u00e3o por chumbamento do copo e com chave.\" \/>\n<meta property=\"og:url\" content=\"https:\/\/www.sinalarte.pt\/v1\/produtos\/fall-v1-v2-pilarete-galvanizado-e-lacado\/\" \/>\n<meta property=\"og:site_name\" content=\"Sinalarte\" \/>\n<meta property=\"article:publisher\" content=\"https:\/\/www.facebook.com\/Sinalarte\/\" \/>\n<meta property=\"article:modified_time\" content=\"2024-09-20T08:57:03+00:00\" \/>\n<meta property=\"og:image\" content=\"https:\/\/www.sinalarte.pt\/v1\/wp-content\/uploads\/2020\/05\/FALL-V1_V2-2.png\" \/>\n\t<meta property=\"og:image:width\" content=\"626\" \/>\n\t<meta property=\"og:image:height\" content=\"626\" \/>\n\t<meta property=\"og:image:type\" content=\"image\/png\" \/>\n<meta name=\"twitter:card\" content=\"summary_large_image\" \/>\n<meta name=\"twitter:label1\" content=\"Tempo estimado de leitura\" \/>\n\t<meta name=\"twitter:data1\" content=\"1 minuto\" \/>\n<script type=\"application\/ld+json\" class=\"yoast-schema-graph\">{\"@context\":\"https:\\\/\\\/schema.org\",\"@graph\":[{\"@type\":\"WebPage\",\"@id\":\"https:\\\/\\\/www.sinalarte.pt\\\/v1\\\/produtos\\\/fall-v1-v2-pilarete-galvanizado-e-lacado\\\/\",\"url\":\"https:\\\/\\\/www.sinalarte.pt\\\/v1\\\/produtos\\\/fall-v1-v2-pilarete-galvanizado-e-lacado\\\/\",\"name\":\"Pilarete FALL V1\\\/V2 - Sinalarte\",\"isPartOf\":{\"@id\":\"https:\\\/\\\/www.sinalarte.pt\\\/v1\\\/#website\"},\"primaryImageOfPage\":{\"@id\":\"https:\\\/\\\/www.sinalarte.pt\\\/v1\\\/produtos\\\/fall-v1-v2-pilarete-galvanizado-e-lacado\\\/#primaryimage\"},\"image\":{\"@id\":\"https:\\\/\\\/www.sinalarte.pt\\\/v1\\\/produtos\\\/fall-v1-v2-pilarete-galvanizado-e-lacado\\\/#primaryimage\"},\"thumbnailUrl\":\"https:\\\/\\\/i0.wp.com\\\/www.sinalarte.pt\\\/v1\\\/wp-content\\\/uploads\\\/2020\\\/05\\\/FALL-V1_V2-2.png?fit=626%2C626&ssl=1\",\"datePublished\":\"2020-05-20T15:23:17+00:00\",\"dateModified\":\"2024-09-20T08:57:03+00:00\",\"description\":\"Pilarete Rebat\u00edvel metalizado e lacado com cabe\u00e7a em alum\u00ednio. Pintura a RAL 7016 texturado. Fixa\u00e7\u00e3o por chumbamento do copo e com chave.\",\"breadcrumb\":{\"@id\":\"https:\\\/\\\/www.sinalarte.pt\\\/v1\\\/produtos\\\/fall-v1-v2-pilarete-galvanizado-e-lacado\\\/#breadcrumb\"},\"inLanguage\":\"pt-PT\",\"potentialAction\":[{\"@type\":\"ReadAction\",\"target\":[\"https:\\\/\\\/www.sinalarte.pt\\\/v1\\\/produtos\\\/fall-v1-v2-pilarete-galvanizado-e-lacado\\\/\"]}]},{\"@type\":\"ImageObject\",\"inLanguage\":\"pt-PT\",\"@id\":\"https:\\\/\\\/www.sinalarte.pt\\\/v1\\\/produtos\\\/fall-v1-v2-pilarete-galvanizado-e-lacado\\\/#primaryimage\",\"url\":\"https:\\\/\\\/i0.wp.com\\\/www.sinalarte.pt\\\/v1\\\/wp-content\\\/uploads\\\/2020\\\/05\\\/FALL-V1_V2-2.png?fit=626%2C626&ssl=1\",\"contentUrl\":\"https:\\\/\\\/i0.wp.com\\\/www.sinalarte.pt\\\/v1\\\/wp-content\\\/uploads\\\/2020\\\/05\\\/FALL-V1_V2-2.png?fit=626%2C626&ssl=1\",\"width\":626,\"height\":626},{\"@type\":\"BreadcrumbList\",\"@id\":\"https:\\\/\\\/www.sinalarte.pt\\\/v1\\\/produtos\\\/fall-v1-v2-pilarete-galvanizado-e-lacado\\\/#breadcrumb\",\"itemListElement\":[{\"@type\":\"ListItem\",\"position\":1,\"name\":\"Home\",\"item\":\"https:\\\/\\\/www.sinalarte.pt\\\/v1\\\/\"},{\"@type\":\"ListItem\",\"position\":2,\"name\":\"Produtos\",\"item\":\"https:\\\/\\\/www.sinalarte.pt\\\/v1\\\/produtos\\\/\"},{\"@type\":\"ListItem\",\"position\":3,\"name\":\"Mobili\u00e1rio Urbano\",\"item\":\"https:\\\/\\\/www.sinalarte.pt\\\/v1\\\/categoria-produto\\\/urbanart\\\/\"},{\"@type\":\"ListItem\",\"position\":4,\"name\":\"Pilaretes\",\"item\":\"https:\\\/\\\/www.sinalarte.pt\\\/v1\\\/categoria-produto\\\/urbanart\\\/pilaretes\\\/\"},{\"@type\":\"ListItem\",\"position\":5,\"name\":\"Pilarete FALL V1\\\/V2\"}]},{\"@type\":\"WebSite\",\"@id\":\"https:\\\/\\\/www.sinalarte.pt\\\/v1\\\/#website\",\"url\":\"https:\\\/\\\/www.sinalarte.pt\\\/v1\\\/\",\"name\":\"Sinalarte\",\"description\":\"Ind\u00fastria de Sinaliza\u00e7\u00e3o\",\"publisher\":{\"@id\":\"https:\\\/\\\/www.sinalarte.pt\\\/v1\\\/#organization\"},\"potentialAction\":[{\"@type\":\"SearchAction\",\"target\":{\"@type\":\"EntryPoint\",\"urlTemplate\":\"https:\\\/\\\/www.sinalarte.pt\\\/v1\\\/?s={search_term_string}\"},\"query-input\":{\"@type\":\"PropertyValueSpecification\",\"valueRequired\":true,\"valueName\":\"search_term_string\"}}],\"inLanguage\":\"pt-PT\"},{\"@type\":\"Organization\",\"@id\":\"https:\\\/\\\/www.sinalarte.pt\\\/v1\\\/#organization\",\"name\":\"Sinalarte\",\"alternateName\":\"Ind\u00fastria de Sinaliza\u00e7\u00e3o\",\"url\":\"https:\\\/\\\/www.sinalarte.pt\\\/v1\\\/\",\"logo\":{\"@type\":\"ImageObject\",\"inLanguage\":\"pt-PT\",\"@id\":\"https:\\\/\\\/www.sinalarte.pt\\\/v1\\\/#\\\/schema\\\/logo\\\/image\\\/\",\"url\":\"https:\\\/\\\/i0.wp.com\\\/www.sinalarte.pt\\\/v1\\\/wp-content\\\/uploads\\\/2020\\\/09\\\/logo_sinalarte.png?fit=180%2C100&ssl=1\",\"contentUrl\":\"https:\\\/\\\/i0.wp.com\\\/www.sinalarte.pt\\\/v1\\\/wp-content\\\/uploads\\\/2020\\\/09\\\/logo_sinalarte.png?fit=180%2C100&ssl=1\",\"width\":180,\"height\":100,\"caption\":\"Sinalarte\"},\"image\":{\"@id\":\"https:\\\/\\\/www.sinalarte.pt\\\/v1\\\/#\\\/schema\\\/logo\\\/image\\\/\"},\"sameAs\":[\"https:\\\/\\\/www.facebook.com\\\/Sinalarte\\\/\",\"https:\\\/\\\/www.instagram.com\\\/sinalarte\\\/\",\"https:\\\/\\\/www.linkedin.com\\\/company\\\/sinalart\",\"https:\\\/\\\/www.youtube.com\\\/user\\\/SinalArte\"]}]}<\/script>\n<!-- \/ Yoast SEO plugin. -->","yoast_head_json":{"title":"Pilarete FALL V1\/V2 - Sinalarte","description":"Pilarete Rebat\u00edvel metalizado e lacado com cabe\u00e7a em alum\u00ednio. Pintura a RAL 7016 texturado. Fixa\u00e7\u00e3o por chumbamento do copo e com chave.","robots":{"index":"index","follow":"follow","max-snippet":"max-snippet:-1","max-image-preview":"max-image-preview:large","max-video-preview":"max-video-preview:-1"},"canonical":"https:\/\/www.sinalarte.pt\/v1\/produtos\/fall-v1-v2-pilarete-galvanizado-e-lacado\/","og_locale":"pt_PT","og_type":"article","og_title":"Pilarete FALL V1\/V2 - Sinalarte","og_description":"Pilarete Rebat\u00edvel metalizado e lacado com cabe\u00e7a em alum\u00ednio. Pintura a RAL 7016 texturado. Fixa\u00e7\u00e3o por chumbamento do copo e com chave.","og_url":"https:\/\/www.sinalarte.pt\/v1\/produtos\/fall-v1-v2-pilarete-galvanizado-e-lacado\/","og_site_name":"Sinalarte","article_publisher":"https:\/\/www.facebook.com\/Sinalarte\/","article_modified_time":"2024-09-20T08:57:03+00:00","og_image":[{"width":626,"height":626,"url":"https:\/\/www.sinalarte.pt\/v1\/wp-content\/uploads\/2020\/05\/FALL-V1_V2-2.png","type":"image\/png"}],"twitter_card":"summary_large_image","twitter_misc":{"Tempo estimado de leitura":"1 minuto"},"schema":{"@context":"https:\/\/schema.org","@graph":[{"@type":"WebPage","@id":"https:\/\/www.sinalarte.pt\/v1\/produtos\/fall-v1-v2-pilarete-galvanizado-e-lacado\/","url":"https:\/\/www.sinalarte.pt\/v1\/produtos\/fall-v1-v2-pilarete-galvanizado-e-lacado\/","name":"Pilarete FALL V1\/V2 - Sinalarte","isPartOf":{"@id":"https:\/\/www.sinalarte.pt\/v1\/#website"},"primaryImageOfPage":{"@id":"https:\/\/www.sinalarte.pt\/v1\/produtos\/fall-v1-v2-pilarete-galvanizado-e-lacado\/#primaryimage"},"image":{"@id":"https:\/\/www.sinalarte.pt\/v1\/produtos\/fall-v1-v2-pilarete-galvanizado-e-lacado\/#primaryimage"},"thumbnailUrl":"https:\/\/i0.wp.com\/www.sinalarte.pt\/v1\/wp-content\/uploads\/2020\/05\/FALL-V1_V2-2.png?fit=626%2C626&ssl=1","datePublished":"2020-05-20T15:23:17+00:00","dateModified":"2024-09-20T08:57:03+00:00","description":"Pilarete Rebat\u00edvel metalizado e lacado com cabe\u00e7a em alum\u00ednio. Pintura a RAL 7016 texturado. Fixa\u00e7\u00e3o por chumbamento do copo e com chave.","breadcrumb":{"@id":"https:\/\/www.sinalarte.pt\/v1\/produtos\/fall-v1-v2-pilarete-galvanizado-e-lacado\/#breadcrumb"},"inLanguage":"pt-PT","potentialAction":[{"@type":"ReadAction","target":["https:\/\/www.sinalarte.pt\/v1\/produtos\/fall-v1-v2-pilarete-galvanizado-e-lacado\/"]}]},{"@type":"ImageObject","inLanguage":"pt-PT","@id":"https:\/\/www.sinalarte.pt\/v1\/produtos\/fall-v1-v2-pilarete-galvanizado-e-lacado\/#primaryimage","url":"https:\/\/i0.wp.com\/www.sinalarte.pt\/v1\/wp-content\/uploads\/2020\/05\/FALL-V1_V2-2.png?fit=626%2C626&ssl=1","contentUrl":"https:\/\/i0.wp.com\/www.sinalarte.pt\/v1\/wp-content\/uploads\/2020\/05\/FALL-V1_V2-2.png?fit=626%2C626&ssl=1","width":626,"height":626},{"@type":"BreadcrumbList","@id":"https:\/\/www.sinalarte.pt\/v1\/produtos\/fall-v1-v2-pilarete-galvanizado-e-lacado\/#breadcrumb","itemListElement":[{"@type":"ListItem","position":1,"name":"Home","item":"https:\/\/www.sinalarte.pt\/v1\/"},{"@type":"ListItem","position":2,"name":"Produtos","item":"https:\/\/www.sinalarte.pt\/v1\/produtos\/"},{"@type":"ListItem","position":3,"name":"Mobili\u00e1rio Urbano","item":"https:\/\/www.sinalarte.pt\/v1\/categoria-produto\/urbanart\/"},{"@type":"ListItem","position":4,"name":"Pilaretes","item":"https:\/\/www.sinalarte.pt\/v1\/categoria-produto\/urbanart\/pilaretes\/"},{"@type":"ListItem","position":5,"name":"Pilarete FALL V1\/V2"}]},{"@type":"WebSite","@id":"https:\/\/www.sinalarte.pt\/v1\/#website","url":"https:\/\/www.sinalarte.pt\/v1\/","name":"Sinalarte","description":"Ind\u00fastria de Sinaliza\u00e7\u00e3o","publisher":{"@id":"https:\/\/www.sinalarte.pt\/v1\/#organization"},"potentialAction":[{"@type":"SearchAction","target":{"@type":"EntryPoint","urlTemplate":"https:\/\/www.sinalarte.pt\/v1\/?s={search_term_string}"},"query-input":{"@type":"PropertyValueSpecification","valueRequired":true,"valueName":"search_term_string"}}],"inLanguage":"pt-PT"},{"@type":"Organization","@id":"https:\/\/www.sinalarte.pt\/v1\/#organization","name":"Sinalarte","alternateName":"Ind\u00fastria de Sinaliza\u00e7\u00e3o","url":"https:\/\/www.sinalarte.pt\/v1\/","logo":{"@type":"ImageObject","inLanguage":"pt-PT","@id":"https:\/\/www.sinalarte.pt\/v1\/#\/schema\/logo\/image\/","url":"https:\/\/i0.wp.com\/www.sinalarte.pt\/v1\/wp-content\/uploads\/2020\/09\/logo_sinalarte.png?fit=180%2C100&ssl=1","contentUrl":"https:\/\/i0.wp.com\/www.sinalarte.pt\/v1\/wp-content\/uploads\/2020\/09\/logo_sinalarte.png?fit=180%2C100&ssl=1","width":180,"height":100,"caption":"Sinalarte"},"image":{"@id":"https:\/\/www.sinalarte.pt\/v1\/#\/schema\/logo\/image\/"},"sameAs":["https:\/\/www.facebook.com\/Sinalarte\/","https:\/\/www.instagram.com\/sinalarte\/","https:\/\/www.linkedin.com\/company\/sinalart","https:\/\/www.youtube.com\/user\/SinalArte"]}]}},"jetpack_sharing_enabled":true,"jetpack_likes_enabled":false,"_links":{"self":[{"href":"https:\/\/www.sinalarte.pt\/v1\/wp-json\/wp\/v2\/product\/4675","targetHints":{"allow":["GET"]}}],"collection":[{"href":"https:\/\/www.sinalarte.pt\/v1\/wp-json\/wp\/v2\/product"}],"about":[{"href":"https:\/\/www.sinalarte.pt\/v1\/wp-json\/wp\/v2\/types\/product"}],"version-history":[{"count":10,"href":"https:\/\/www.sinalarte.pt\/v1\/wp-json\/wp\/v2\/product\/4675\/revisions"}],"predecessor-version":[{"id":13307,"href":"https:\/\/www.sinalarte.pt\/v1\/wp-json\/wp\/v2\/product\/4675\/revisions\/13307"}],"wp:featuredmedia":[{"embeddable":true,"href":"https:\/\/www.sinalarte.pt\/v1\/wp-json\/wp\/v2\/media\/7666"}],"wp:attachment":[{"href":"https:\/\/www.sinalarte.pt\/v1\/wp-json\/wp\/v2\/media?parent=4675"}],"wp:term":[{"taxonomy":"product_brand","embeddable":true,"href":"https:\/\/www.sinalarte.pt\/v1\/wp-json\/wp\/v2\/product_brand?post=4675"},{"taxonomy":"product_cat","embeddable":true,"href":"https:\/\/www.sinalarte.pt\/v1\/wp-json\/wp\/v2\/product_cat?post=4675"},{"taxonomy":"product_tag","embeddable":true,"href":"https:\/\/www.sinalarte.pt\/v1\/wp-json\/wp\/v2\/product_tag?post=4675"}],"curies":[{"name":"wp","href":"https:\/\/api.w.org\/{rel}","templated":true}]}}