{"id":2145,"date":"2020-03-12T12:01:30","date_gmt":"2020-03-12T12:01:30","guid":{"rendered":"http:\/\/localhost\/wordpress\/wordpress-5.2.2\/wordpress\/?post_type=product&#038;p=2145"},"modified":"2024-01-18T10:37:51","modified_gmt":"2024-01-18T10:37:51","slug":"d6a-via-reservada-a-veiculos-com-alta-taxa-de-ocupacao","status":"publish","type":"product","link":"https:\/\/www.sinalarte.pt\/v1\/produtos\/d6a-via-reservada-a-veiculos-com-alta-taxa-de-ocupacao\/","title":{"rendered":"D6a"},"content":{"rendered":"","protected":false},"excerpt":{"rendered":"<p>Via reservada a ve\u00edculos com alta taxa de ocupa\u00e7\u00e3o<\/p>\n<h6>A imagem \u00e9 meramente ilustrativa. Consulte a descri\u00e7\u00e3o do produto.<\/h6>\n","protected":false},"featured_media":9053,"template":"","meta":[],"product_brand":[],"product_cat":[61],"product_tag":[66],"class_list":{"0":"post-2145","1":"product","2":"type-product","3":"status-publish","4":"has-post-thumbnail","6":"product_cat-sinais-de-obrigacao","7":"product_tag-sinais-de-obrigacao","9":"first","10":"instock","11":"shipping-taxable","12":"purchasable","13":"product-type-variable"},"yoast_head":"<!-- This site is optimized with the Yoast SEO plugin v27.4 - https:\/\/yoast.com\/product\/yoast-seo-wordpress\/ -->\n<title>D6a - Sinalarte<\/title>\n<meta name=\"description\" content=\"Via reservada a ve\u00edculos com alta taxa de ocupa\u00e7\u00e3o: indica\u00e7\u00e3o de que a via est\u00e1 reservada \u00e0 circula\u00e7\u00e3o de ve\u00edculos que transportem duas ou mais pessoas.\" \/>\n<meta name=\"robots\" content=\"index, follow, max-snippet:-1, max-image-preview:large, max-video-preview:-1\" \/>\n<link rel=\"canonical\" href=\"https:\/\/www.sinalarte.pt\/v1\/produtos\/d6a-via-reservada-a-veiculos-com-alta-taxa-de-ocupacao\/\" \/>\n<meta property=\"og:locale\" content=\"pt_PT\" \/>\n<meta property=\"og:type\" content=\"article\" \/>\n<meta property=\"og:title\" content=\"D6a - Sinalarte\" \/>\n<meta property=\"og:description\" content=\"Via reservada a ve\u00edculos com alta taxa de ocupa\u00e7\u00e3o: indica\u00e7\u00e3o de que a via est\u00e1 reservada \u00e0 circula\u00e7\u00e3o de ve\u00edculos que transportem duas ou mais pessoas.\" \/>\n<meta property=\"og:url\" content=\"https:\/\/www.sinalarte.pt\/v1\/produtos\/d6a-via-reservada-a-veiculos-com-alta-taxa-de-ocupacao\/\" \/>\n<meta property=\"og:site_name\" content=\"Sinalarte\" \/>\n<meta property=\"article:publisher\" content=\"https:\/\/www.facebook.com\/Sinalarte\/\" \/>\n<meta property=\"article:modified_time\" content=\"2024-01-18T10:37:51+00:00\" \/>\n<meta property=\"og:image\" content=\"https:\/\/www.sinalarte.pt\/v1\/wp-content\/uploads\/2020\/03\/D6a-Via_reservada_a_veiculos_com_alta_taxa_de_ocupacao.png\" \/>\n\t<meta property=\"og:image:width\" content=\"629\" \/>\n\t<meta property=\"og:image:height\" content=\"629\" \/>\n\t<meta property=\"og:image:type\" content=\"image\/png\" \/>\n<meta name=\"twitter:card\" content=\"summary_large_image\" \/>\n<meta name=\"twitter:label1\" content=\"Tempo estimado de leitura\" \/>\n\t<meta name=\"twitter:data1\" content=\"1 minuto\" \/>\n<script type=\"application\/ld+json\" class=\"yoast-schema-graph\">{\"@context\":\"https:\\\/\\\/schema.org\",\"@graph\":[{\"@type\":\"WebPage\",\"@id\":\"https:\\\/\\\/www.sinalarte.pt\\\/v1\\\/produtos\\\/d6a-via-reservada-a-veiculos-com-alta-taxa-de-ocupacao\\\/\",\"url\":\"https:\\\/\\\/www.sinalarte.pt\\\/v1\\\/produtos\\\/d6a-via-reservada-a-veiculos-com-alta-taxa-de-ocupacao\\\/\",\"name\":\"D6a - Sinalarte\",\"isPartOf\":{\"@id\":\"https:\\\/\\\/www.sinalarte.pt\\\/v1\\\/#website\"},\"primaryImageOfPage\":{\"@id\":\"https:\\\/\\\/www.sinalarte.pt\\\/v1\\\/produtos\\\/d6a-via-reservada-a-veiculos-com-alta-taxa-de-ocupacao\\\/#primaryimage\"},\"image\":{\"@id\":\"https:\\\/\\\/www.sinalarte.pt\\\/v1\\\/produtos\\\/d6a-via-reservada-a-veiculos-com-alta-taxa-de-ocupacao\\\/#primaryimage\"},\"thumbnailUrl\":\"https:\\\/\\\/i0.wp.com\\\/www.sinalarte.pt\\\/v1\\\/wp-content\\\/uploads\\\/2020\\\/03\\\/D6a-Via_reservada_a_veiculos_com_alta_taxa_de_ocupacao.png?fit=629%2C629&ssl=1\",\"datePublished\":\"2020-03-12T12:01:30+00:00\",\"dateModified\":\"2024-01-18T10:37:51+00:00\",\"description\":\"Via reservada a ve\u00edculos com alta taxa de ocupa\u00e7\u00e3o: indica\u00e7\u00e3o de que a via est\u00e1 reservada \u00e0 circula\u00e7\u00e3o de ve\u00edculos que transportem duas ou mais pessoas.\",\"breadcrumb\":{\"@id\":\"https:\\\/\\\/www.sinalarte.pt\\\/v1\\\/produtos\\\/d6a-via-reservada-a-veiculos-com-alta-taxa-de-ocupacao\\\/#breadcrumb\"},\"inLanguage\":\"pt-PT\",\"potentialAction\":[{\"@type\":\"ReadAction\",\"target\":[\"https:\\\/\\\/www.sinalarte.pt\\\/v1\\\/produtos\\\/d6a-via-reservada-a-veiculos-com-alta-taxa-de-ocupacao\\\/\"]}]},{\"@type\":\"ImageObject\",\"inLanguage\":\"pt-PT\",\"@id\":\"https:\\\/\\\/www.sinalarte.pt\\\/v1\\\/produtos\\\/d6a-via-reservada-a-veiculos-com-alta-taxa-de-ocupacao\\\/#primaryimage\",\"url\":\"https:\\\/\\\/i0.wp.com\\\/www.sinalarte.pt\\\/v1\\\/wp-content\\\/uploads\\\/2020\\\/03\\\/D6a-Via_reservada_a_veiculos_com_alta_taxa_de_ocupacao.png?fit=629%2C629&ssl=1\",\"contentUrl\":\"https:\\\/\\\/i0.wp.com\\\/www.sinalarte.pt\\\/v1\\\/wp-content\\\/uploads\\\/2020\\\/03\\\/D6a-Via_reservada_a_veiculos_com_alta_taxa_de_ocupacao.png?fit=629%2C629&ssl=1\",\"width\":629,\"height\":629,\"caption\":\"D6a - Via reservada a ve\u00edculos com alta taxa de ocupa\u00e7\u00e3o\"},{\"@type\":\"BreadcrumbList\",\"@id\":\"https:\\\/\\\/www.sinalarte.pt\\\/v1\\\/produtos\\\/d6a-via-reservada-a-veiculos-com-alta-taxa-de-ocupacao\\\/#breadcrumb\",\"itemListElement\":[{\"@type\":\"ListItem\",\"position\":1,\"name\":\"Home\",\"item\":\"https:\\\/\\\/www.sinalarte.pt\\\/v1\\\/\"},{\"@type\":\"ListItem\",\"position\":2,\"name\":\"Produtos\",\"item\":\"https:\\\/\\\/www.sinalarte.pt\\\/v1\\\/produtos\\\/\"},{\"@type\":\"ListItem\",\"position\":3,\"name\":\"Sinaliza\u00e7\u00e3o Vertical\",\"item\":\"https:\\\/\\\/www.sinalarte.pt\\\/v1\\\/categoria-produto\\\/sinalizacao-vertical\\\/\"},{\"@type\":\"ListItem\",\"position\":4,\"name\":\"Sinais Regulamentares\",\"item\":\"https:\\\/\\\/www.sinalarte.pt\\\/v1\\\/categoria-produto\\\/sinalizacao-vertical\\\/sinais-regulamentares\\\/\"},{\"@type\":\"ListItem\",\"position\":5,\"name\":\"Sinais de Obriga\u00e7\u00e3o\",\"item\":\"https:\\\/\\\/www.sinalarte.pt\\\/v1\\\/categoria-produto\\\/sinalizacao-vertical\\\/sinais-regulamentares\\\/sinais-de-obrigacao\\\/\"},{\"@type\":\"ListItem\",\"position\":6,\"name\":\"D6a\"}]},{\"@type\":\"WebSite\",\"@id\":\"https:\\\/\\\/www.sinalarte.pt\\\/v1\\\/#website\",\"url\":\"https:\\\/\\\/www.sinalarte.pt\\\/v1\\\/\",\"name\":\"Sinalarte\",\"description\":\"Ind\u00fastria de Sinaliza\u00e7\u00e3o\",\"publisher\":{\"@id\":\"https:\\\/\\\/www.sinalarte.pt\\\/v1\\\/#organization\"},\"potentialAction\":[{\"@type\":\"SearchAction\",\"target\":{\"@type\":\"EntryPoint\",\"urlTemplate\":\"https:\\\/\\\/www.sinalarte.pt\\\/v1\\\/?s={search_term_string}\"},\"query-input\":{\"@type\":\"PropertyValueSpecification\",\"valueRequired\":true,\"valueName\":\"search_term_string\"}}],\"inLanguage\":\"pt-PT\"},{\"@type\":\"Organization\",\"@id\":\"https:\\\/\\\/www.sinalarte.pt\\\/v1\\\/#organization\",\"name\":\"Sinalarte\",\"alternateName\":\"Ind\u00fastria de Sinaliza\u00e7\u00e3o\",\"url\":\"https:\\\/\\\/www.sinalarte.pt\\\/v1\\\/\",\"logo\":{\"@type\":\"ImageObject\",\"inLanguage\":\"pt-PT\",\"@id\":\"https:\\\/\\\/www.sinalarte.pt\\\/v1\\\/#\\\/schema\\\/logo\\\/image\\\/\",\"url\":\"https:\\\/\\\/i0.wp.com\\\/www.sinalarte.pt\\\/v1\\\/wp-content\\\/uploads\\\/2020\\\/09\\\/logo_sinalarte.png?fit=180%2C100&ssl=1\",\"contentUrl\":\"https:\\\/\\\/i0.wp.com\\\/www.sinalarte.pt\\\/v1\\\/wp-content\\\/uploads\\\/2020\\\/09\\\/logo_sinalarte.png?fit=180%2C100&ssl=1\",\"width\":180,\"height\":100,\"caption\":\"Sinalarte\"},\"image\":{\"@id\":\"https:\\\/\\\/www.sinalarte.pt\\\/v1\\\/#\\\/schema\\\/logo\\\/image\\\/\"},\"sameAs\":[\"https:\\\/\\\/www.facebook.com\\\/Sinalarte\\\/\",\"https:\\\/\\\/www.instagram.com\\\/sinalarte\\\/\",\"https:\\\/\\\/www.linkedin.com\\\/company\\\/sinalart\",\"https:\\\/\\\/www.youtube.com\\\/user\\\/SinalArte\"]}]}<\/script>\n<!-- \/ Yoast SEO plugin. -->","yoast_head_json":{"title":"D6a - Sinalarte","description":"Via reservada a ve\u00edculos com alta taxa de ocupa\u00e7\u00e3o: indica\u00e7\u00e3o de que a via est\u00e1 reservada \u00e0 circula\u00e7\u00e3o de ve\u00edculos que transportem duas ou mais pessoas.","robots":{"index":"index","follow":"follow","max-snippet":"max-snippet:-1","max-image-preview":"max-image-preview:large","max-video-preview":"max-video-preview:-1"},"canonical":"https:\/\/www.sinalarte.pt\/v1\/produtos\/d6a-via-reservada-a-veiculos-com-alta-taxa-de-ocupacao\/","og_locale":"pt_PT","og_type":"article","og_title":"D6a - Sinalarte","og_description":"Via reservada a ve\u00edculos com alta taxa de ocupa\u00e7\u00e3o: indica\u00e7\u00e3o de que a via est\u00e1 reservada \u00e0 circula\u00e7\u00e3o de ve\u00edculos que transportem duas ou mais pessoas.","og_url":"https:\/\/www.sinalarte.pt\/v1\/produtos\/d6a-via-reservada-a-veiculos-com-alta-taxa-de-ocupacao\/","og_site_name":"Sinalarte","article_publisher":"https:\/\/www.facebook.com\/Sinalarte\/","article_modified_time":"2024-01-18T10:37:51+00:00","og_image":[{"width":629,"height":629,"url":"https:\/\/www.sinalarte.pt\/v1\/wp-content\/uploads\/2020\/03\/D6a-Via_reservada_a_veiculos_com_alta_taxa_de_ocupacao.png","type":"image\/png"}],"twitter_card":"summary_large_image","twitter_misc":{"Tempo estimado de leitura":"1 minuto"},"schema":{"@context":"https:\/\/schema.org","@graph":[{"@type":"WebPage","@id":"https:\/\/www.sinalarte.pt\/v1\/produtos\/d6a-via-reservada-a-veiculos-com-alta-taxa-de-ocupacao\/","url":"https:\/\/www.sinalarte.pt\/v1\/produtos\/d6a-via-reservada-a-veiculos-com-alta-taxa-de-ocupacao\/","name":"D6a - Sinalarte","isPartOf":{"@id":"https:\/\/www.sinalarte.pt\/v1\/#website"},"primaryImageOfPage":{"@id":"https:\/\/www.sinalarte.pt\/v1\/produtos\/d6a-via-reservada-a-veiculos-com-alta-taxa-de-ocupacao\/#primaryimage"},"image":{"@id":"https:\/\/www.sinalarte.pt\/v1\/produtos\/d6a-via-reservada-a-veiculos-com-alta-taxa-de-ocupacao\/#primaryimage"},"thumbnailUrl":"https:\/\/i0.wp.com\/www.sinalarte.pt\/v1\/wp-content\/uploads\/2020\/03\/D6a-Via_reservada_a_veiculos_com_alta_taxa_de_ocupacao.png?fit=629%2C629&ssl=1","datePublished":"2020-03-12T12:01:30+00:00","dateModified":"2024-01-18T10:37:51+00:00","description":"Via reservada a ve\u00edculos com alta taxa de ocupa\u00e7\u00e3o: indica\u00e7\u00e3o de que a via est\u00e1 reservada \u00e0 circula\u00e7\u00e3o de ve\u00edculos que transportem duas ou mais pessoas.","breadcrumb":{"@id":"https:\/\/www.sinalarte.pt\/v1\/produtos\/d6a-via-reservada-a-veiculos-com-alta-taxa-de-ocupacao\/#breadcrumb"},"inLanguage":"pt-PT","potentialAction":[{"@type":"ReadAction","target":["https:\/\/www.sinalarte.pt\/v1\/produtos\/d6a-via-reservada-a-veiculos-com-alta-taxa-de-ocupacao\/"]}]},{"@type":"ImageObject","inLanguage":"pt-PT","@id":"https:\/\/www.sinalarte.pt\/v1\/produtos\/d6a-via-reservada-a-veiculos-com-alta-taxa-de-ocupacao\/#primaryimage","url":"https:\/\/i0.wp.com\/www.sinalarte.pt\/v1\/wp-content\/uploads\/2020\/03\/D6a-Via_reservada_a_veiculos_com_alta_taxa_de_ocupacao.png?fit=629%2C629&ssl=1","contentUrl":"https:\/\/i0.wp.com\/www.sinalarte.pt\/v1\/wp-content\/uploads\/2020\/03\/D6a-Via_reservada_a_veiculos_com_alta_taxa_de_ocupacao.png?fit=629%2C629&ssl=1","width":629,"height":629,"caption":"D6a - Via reservada a ve\u00edculos com alta taxa de ocupa\u00e7\u00e3o"},{"@type":"BreadcrumbList","@id":"https:\/\/www.sinalarte.pt\/v1\/produtos\/d6a-via-reservada-a-veiculos-com-alta-taxa-de-ocupacao\/#breadcrumb","itemListElement":[{"@type":"ListItem","position":1,"name":"Home","item":"https:\/\/www.sinalarte.pt\/v1\/"},{"@type":"ListItem","position":2,"name":"Produtos","item":"https:\/\/www.sinalarte.pt\/v1\/produtos\/"},{"@type":"ListItem","position":3,"name":"Sinaliza\u00e7\u00e3o Vertical","item":"https:\/\/www.sinalarte.pt\/v1\/categoria-produto\/sinalizacao-vertical\/"},{"@type":"ListItem","position":4,"name":"Sinais Regulamentares","item":"https:\/\/www.sinalarte.pt\/v1\/categoria-produto\/sinalizacao-vertical\/sinais-regulamentares\/"},{"@type":"ListItem","position":5,"name":"Sinais de Obriga\u00e7\u00e3o","item":"https:\/\/www.sinalarte.pt\/v1\/categoria-produto\/sinalizacao-vertical\/sinais-regulamentares\/sinais-de-obrigacao\/"},{"@type":"ListItem","position":6,"name":"D6a"}]},{"@type":"WebSite","@id":"https:\/\/www.sinalarte.pt\/v1\/#website","url":"https:\/\/www.sinalarte.pt\/v1\/","name":"Sinalarte","description":"Ind\u00fastria de Sinaliza\u00e7\u00e3o","publisher":{"@id":"https:\/\/www.sinalarte.pt\/v1\/#organization"},"potentialAction":[{"@type":"SearchAction","target":{"@type":"EntryPoint","urlTemplate":"https:\/\/www.sinalarte.pt\/v1\/?s={search_term_string}"},"query-input":{"@type":"PropertyValueSpecification","valueRequired":true,"valueName":"search_term_string"}}],"inLanguage":"pt-PT"},{"@type":"Organization","@id":"https:\/\/www.sinalarte.pt\/v1\/#organization","name":"Sinalarte","alternateName":"Ind\u00fastria de Sinaliza\u00e7\u00e3o","url":"https:\/\/www.sinalarte.pt\/v1\/","logo":{"@type":"ImageObject","inLanguage":"pt-PT","@id":"https:\/\/www.sinalarte.pt\/v1\/#\/schema\/logo\/image\/","url":"https:\/\/i0.wp.com\/www.sinalarte.pt\/v1\/wp-content\/uploads\/2020\/09\/logo_sinalarte.png?fit=180%2C100&ssl=1","contentUrl":"https:\/\/i0.wp.com\/www.sinalarte.pt\/v1\/wp-content\/uploads\/2020\/09\/logo_sinalarte.png?fit=180%2C100&ssl=1","width":180,"height":100,"caption":"Sinalarte"},"image":{"@id":"https:\/\/www.sinalarte.pt\/v1\/#\/schema\/logo\/image\/"},"sameAs":["https:\/\/www.facebook.com\/Sinalarte\/","https:\/\/www.instagram.com\/sinalarte\/","https:\/\/www.linkedin.com\/company\/sinalart","https:\/\/www.youtube.com\/user\/SinalArte"]}]}},"jetpack_sharing_enabled":true,"jetpack_likes_enabled":false,"_links":{"self":[{"href":"https:\/\/www.sinalarte.pt\/v1\/wp-json\/wp\/v2\/product\/2145","targetHints":{"allow":["GET"]}}],"collection":[{"href":"https:\/\/www.sinalarte.pt\/v1\/wp-json\/wp\/v2\/product"}],"about":[{"href":"https:\/\/www.sinalarte.pt\/v1\/wp-json\/wp\/v2\/types\/product"}],"version-history":[{"count":3,"href":"https:\/\/www.sinalarte.pt\/v1\/wp-json\/wp\/v2\/product\/2145\/revisions"}],"predecessor-version":[{"id":12648,"href":"https:\/\/www.sinalarte.pt\/v1\/wp-json\/wp\/v2\/product\/2145\/revisions\/12648"}],"wp:featuredmedia":[{"embeddable":true,"href":"https:\/\/www.sinalarte.pt\/v1\/wp-json\/wp\/v2\/media\/9053"}],"wp:attachment":[{"href":"https:\/\/www.sinalarte.pt\/v1\/wp-json\/wp\/v2\/media?parent=2145"}],"wp:term":[{"taxonomy":"product_brand","embeddable":true,"href":"https:\/\/www.sinalarte.pt\/v1\/wp-json\/wp\/v2\/product_brand?post=2145"},{"taxonomy":"product_cat","embeddable":true,"href":"https:\/\/www.sinalarte.pt\/v1\/wp-json\/wp\/v2\/product_cat?post=2145"},{"taxonomy":"product_tag","embeddable":true,"href":"https:\/\/www.sinalarte.pt\/v1\/wp-json\/wp\/v2\/product_tag?post=2145"}],"curies":[{"name":"wp","href":"https:\/\/api.w.org\/{rel}","templated":true}]}}